of 5319216754?
5
What is the units digit of 109877144?
4
What is the thousands digit of 42651056?
1
What is the thousands digit of 475277555?
7
What is the millions digit of 1735465444?
5
What is the hundreds digit of 28616175?
1
What is the millions digit of 3182282?
3
What is the ten thousands digit of 1243671265?
7
What is the billions digit of 1062333909?
1
What is the hundred millions digit of 3027173043?
0
What is the hundreds digit of 136078655?
6
What is the ten thousands digit of 1149076680?
7
What is the ten thousands digit of 26445753?
4
What is the tens digit of 3171579942?
4
What is the units digit of 413482740?
0
What is the ten thousands digit of 204633457?
3
What is the units digit of 249809422?
2
What is the thousands digit of 770146527?
6
What is the hundred thousands digit of 31512846?
5
What is the tens digit of 24962247?
4
What is the hundred thousands digit of 5075196?
0
What is the ten thousands digit of 228258107?
5
What is the hundred thousands digit of 209795491?
7
What is the hundred millions digit of 3028263685?
0
What is the tens digit of 2901585607?
0
What is the units digit of 4238133?
3
What is the ten thousands digit of 10824084?
2
What is the ten thousands digit of 10479095?
7
What is the ten thousands digit of 126728348?
2
What is the hundred thousands digit of 7420017?
4
What is the ten thousands digit of 30634975?
3
What is the thousands digit of 561682263?
2
What is the units digit of 2025179639?
9
What is the hundred thousands digit of 47013547?
0
What is the units digit of 102645?
5
What is the hundreds digit of 46417655?
6
What is the hundred millions digit of 242305287?
2
What is the thousands digit of 275859342?
9
What is the hundreds digit of 1544993996?
9
What is the thousands digit of 51684947?
4
What is the thousands digit of 865550252?
0
What is the units digit of 80798363?
3
What is the billions digit of 1657748814?
1
What is the units digit of 310563257?
7
What is the tens digit of 254474561?
6
What is the ten thousands digit of 551151147?
5
What is the thousands digit of 80047928?
7
What is the units digit of 561448888?
8
What is the ten millions digit of 95512780?
9
What is the ten thousands digit of 162817259?
1
What is the hundred thousands digit of 209202577?
2
What is the ten thousands digit of 110107798?
0
What is the hundred thousands digit of 158110596?
1
What is the millions digit of 17671536?
7
What is the units digit of 75051987?
7
What is the millions digit of 337182046?
7
What is the tens digit of 475177997?
9
What is the ten millions digit of 151606240?
5
What is the tens digit of 939729752?
5
What is the units digit of 1519966302?
2
What is the ten millions digit of 1168018476?
6
What is the hundred thousands digit of 2187035217?
0
What is the hundred thousands digit of 29604365?
6
What is the ten millions digit of 2666815140?
6
What is the hundred millions digit of 216654718?
2
What is the hundreds digit of 697160680?
6
What is the ten thousands digit of 42206180?
0
What is the hundreds digit of 295163865?
8
What is the thousands digit of 34185643?
5
What is the ten millions digit of 1211962177?
1
What is the hundreds digit of 4906984493?
4
What is the tens digit of 77669125?
2
What is the units digit of 48082847?
7
What is the ten millions digit of 23803715?
2
What is the ten millions digit of 3304394838?
0
What is the hundred thousands digit of 25427209?
4
What is the ten millions digit of 42232326?
4
What is the hundred thousands digit of 356540638?
5
What is the hundreds digit of 42048061?
0
What is the tens digit of 169403430?
3
What is the ten millions digit of 173655611?
7
What is the ten thousands digit of 14809461?
0
What is the ten millions digit of 1297690553?
9
What is the millions digit of 479814025?
9
What is the hundreds digit of 475270322?
3
What is the tens digit of 173761088?
8
What is the units digit of 4991605049?
9
What is the hundred thousands digit of 350072954?
0
What is the tens digit of 142983902?
0
What is the millions digit of 17058138?
7
What is the hundreds digit of 5604052?
0
What is the ten thousands digit of 6201659453?
5
What is the ten millions digit of 167306617?
6
What is the thousands digit of 28906760?
6
What is the millions digit of 18865928?
8
What is the ten millions digit of 42767979?
4
What is the billions digit of 2902069463?
2
What is the thousands digit of 190742014?
2
What is the tens digit of 669580608?
0
What is the tens digit of 44262094?
9
What is the tens digit of 1325160448?
4
What is the ten thousands digit of 60335130?
3
What is the ten millions digit of 26075008?
2
What is the ten millions digit of 60387679?
6
What is the hundreds digit of 2861102910?
9
What is the millions digit of 71624352?
1
What is the ten thousands digit of 74711396?
1
What is the hundred thousands digit of 82326370?
3
What is the thousands digit of 1278961509?
1
What is the hundred millions digit of 1950777223?
9
What is the hundred thousands digit of 472700576?
7
What is the hundred millions digit of 264701547?
2
What is the hundred thousands digit of 41416217?
4
What is the millions digit of 76538190?
6
What is the hundred millions digit of 703727617?
7
What is the millions digit of 4851516521?
1
What is the thousands digit of 7148364?
8
What is the tens digit of 247868707?
0
What is the hundreds digit of 566508635?
6
What is the ten thousands digit of 1302865161?
6
What is the thousands digit of 258642057?
2
What is the tens digit of 38766462?
6
What is the ten millions digit of 254197401?
5
What is the hundred thousands digit of 44551037?
5
What is the thousands digit of 330208437?
8
What is the ten thousands digit of 15045972?
4
What is the tens digit of 31882537?
3
What is the thousands digit of 926525480?
5
What is the tens digit of 177670897?
9
What is the units digit of 1644562?
2
What is the billions digit of 2532554718?
2
What is the tens digit of 20769628?
2
What is the units digit of 154082679?
9
What is the ten thousands digit of 38768315?
6
What is the tens digit of 158085917?
1
What is the ten millions digit of 359069574?
5
What is the hundred thousands digit of 911479928?
4
What is the hundred thousands digit of 272678616?
6
What is the ten thousands digit of 129621053?
2
What is the ten millions digit of 25754332?
2
What is the thousands digit of 71984955?
4
What is the ten millions digit of 1235152384?
3
What is the thousands digit of 3058102465?
2
What is the units digit of 3267354510?
0
What is the ten thousands digit of 28643553?
4
What is the ten thousands digit of 7144158682?
5
What is the billions digit of 1107247057?
1
What is the tens digit of 33624044?
4
What is the ten thousands digit of 2461910175?
1
What is the millions digit of 4896516898?
6
What is the hundred millions digit of 519995375?
5
What is the units digit of 1201298?
8
What is the hundred millions digit of 468697846?
4
What is the thousands digit of 103432460?
2
What is the thousands digit of 24846384?
6
What is the millions digit of 116369590?
6
What is the units digit of 78346239?
9
What is the units digit of 2634173613?
3
What is the ten thousands digit of 892670221?
7
What is the ten millions digit of 693087016?
9
What is the billions digit of 1760459403?
1
What is the ten millions digit of 123148381?
2
What is the units digit of 315426950?
0
What is the ten thousands digit of 5099581?
9
What is the ten millions digit of 580965741?
8
What is the units digit of 416016939?
9
What is the tens digit of 13226732?
3
What is the units digit of 2551265?
5
What is the units digit of 57515926?
6
What is the thousands digit of 1180677524?
7
What is the ten millions digit of 628609063?
2
What is the hundreds digit of 42435716?
7
What is the hundred thousands digit of 33032449?
0
What is the hundreds digit of 20277349?
3
What is the thousands digit of 70659831?
9
What is the millions digit of 184956856?
4
What is the hundred millions digit of 858429450?
8
What is the hundreds digit of 81659073?
0
What is the hundred millions digit of 333657962?
3
What is the thousands digit of 294756173?
6
What is the hundreds digit of 2166892874?
8
What is the hundred millions digit of 4514551386?
5
What is the thousands digit of 1552734027?
4
What is the thousands digit of 477